 q = -13, 5*m + 2*b - 35 = 0. What is the units digit of m?
7
Suppose 0 = -3*y - 0*y + 4*l + 7, 4*y + 3*l = 1. Suppose 12 = 2*d - 2. Suppose -2*z + d = -y. What is the units digit of z?
4
Suppose 11*y = 8*y + 93. What is the units digit of y?
1
What is the tens digit of 2/3 - (-10332)/54?
9
Let y = 2 + -2. Suppose 2*j - 16 = -y*j. What is the units digit of (-18)/4*j/(-6)?
6
Let a(o) = -3 + 3*o**3 - 2*o**2 + 2*o**3 - 7*o**2 - 7*o - 4*o**3. What is the tens digit of a(10)?
2
Let h = 62 - 2. Let x be ((-2)/4)/(2/h). Let g = x - -21. What is the units digit of g?
6
Let g(c) = 6*c**2 - c - 1. Let d be g(2). Let o = -1 + 3. Suppose -3*h + d = 3*s, 4*s - 14 = h + o*h. What is the units digit of s?
5
Suppose 71 = 3*y - 4*c, -5*y + 95 = -4*c + 2*c. What is the tens digit of y?
1
Let w(r) = -r**3 + 4*r**2 - 2*r - 1. Let s be w(2). Suppose -s*d = -5*t + 8, 0*d = -5*d + 2*t - 26. What is the units digit of (d/(-9))/((-6)/(-27))?
3
Let c(t) = -6*t - 5. What is the tens digit of c(-9)?
4
Let l be (76/16 + -3)*4. Let c = 4 + l. What is the tens digit of c?
1
Let p(a) = -a**2 - 8*a - 4. Suppose -4*z = 4*b - 36, 4*b - 33 = -5*z + 5*b. Let o = z + -13. What is the units digit of p(o)?
8
Let k(h) = -h**2 - 7*h + 2. Let g be k(-7). Suppose 0 = -4*b - 8, 0 = 3*t - 0*b - g*b - 4. What is the units digit of 3 - (t/2 + 1)?
2
Let r(p) = -p - 1. Let z be r(-2). Let i be -10*(-1)/z*4. Suppose -n + 3*a + 22 = 0, -n - 3*n - 4*a = -i. What is the tens digit of n?
1
Let z(o) = o**3 + 6*o**2 - 7*o + 5. Let g be z(-7). Suppose -27 - 63 = -g*k. What is the units digit of k?
8
Let g(w) = w**2 + 4*w - 5. Let f be g(-6). Let l(y) = 2*y**2 - 9*y - 10. What is the tens digit of l(f)?
2
Suppose 5*n = -2*f + 159 + 71, 0 = -f - 2*n + 113. Suppose -5*u + 5*b = -f, -b - 17 = 2*u - 53. What is the tens digit of u?
1
Let i be ((-37)/1)/(8 - 7). What is the units digit of i/(-2) - (-5)/(-10)?
8
Suppose 3*l = -15, -q - 2*l - 2*l - 16 = 0. Let y be (-3)/(-6*(-1)/64). What is the units digit of q/(-6) + y/(-3)?
0
Let s(d) = -d - 8. Let r be s(-10). Suppose -r*b - 53 = -5*z, -4 = -z + 5*b + 2. What is the units digit of z?
1
Let w(a) = -2*a + 26. What is the tens digit of w(6)?
1
Let b(d) = 2*d**3 - 39*d**2 + 18*d + 22. What is the units digit of b(19)?
3
Let m = 267 - 28. What is the hundreds digit of m?
2
What is the units digit of 748/(-22)*(-2)/1?
8
Let z = 7 + -1. Let p(s) = s**2 + s + 1. Let c(a) = -3*a**2 + 7*a - 6. Let h(y) = c(y) + 2*p(y). What is the tens digit of h(z)?
1
Suppose -2*m = -3*m + 33. What is the units digit of m?
3
Suppose 0 = 5*j - 3*r - 28, -2*j + 5*r - 36 = -4*j. Let v = 7 + -8. What is the units digit of (-1)/v - -1*j?
9
Let b be -3 + 5 + (11 - -1). Suppose -c = c + b. What is the units digit of (-89)/c - (-2)/7?
3
Let i = -22 - -40. Let t = 8 - 11. What is the tens digit of ((-4)/t)/(2/i)?
1
Let k = -8 - -9. Let h be (-3)/(-6)*6*k. Let v(b) = b**2 - 3*b + 3. What is the units digit of v(h)?
3
Suppose -i - 4 + 41 = 0. Let q = i - 20. What is the tens digit of q?
1
Let a(o) = o**3 - 6*o**2 - 5*o + 8. Let y be ((-4)/((-4)/7))/1. What is the units digit of a(y)?
2
Suppose -5*b + 6*b - 95 = 0. What is the tens digit of b?
9
Suppose -6*h + 326 = 98. What is the tens digit of h?
3
Let g(c) = c**3 + 12*c**2 + 3*c + 1. What is the units digit of g(-11)?
9
Let u = 1 - -127. What is the units digit of u?
8
Let a = -31 + 50. What is the tens digit of a?
1
Suppose 5*i + 0*i = 10. Suppose -11 = -3*p - i. What is the units digit of p?
3
Let v = -9 - -18. Suppose -v*b + 20 = -5*b. What is the units digit of b?
5
Let g(k) = -34*k. What is the units digit of g(-1)?
4
Let g = 5 - 1. Let f = 16 - g. What is the units digit of f?
2
Suppose 0 = -4*o + 2*c + 70, -c = 3*o - 6*c - 70. What is the tens digit of o?
1
Suppose 4*p - 43 = -5*b, -4*b = -p - b + 32. Suppose 3 = 2*r + 3*i + 13, 3*r = -5*i - p. What is the units digit of r?
1
Suppose -10*y = -28*y + 2178. What is the hundreds digit of y?
1
Suppose -d = -2 - 2. Suppose 3*i = k - 11, -3*i - i = d*k + 4. Suppose -k*z + 4 = -z. What is the units digit of z?
4
Suppose -t + 5*p - 5 = -5*t, 3*p - 16 = -5*t. Let m(i) = -t*i**3 - 16 + 2*i + 4*i**3 - 9*i**2 - i**2 + 7*i. What is the units digit of m(-11)?
6
Suppose 3*t + 4*w - 595 = 0, 6*t - 620 = 3*t + w. What is the units digit of t?
5
What is the units digit of (-424)/12*3/(-2)?
3
Let s = -21 + 11. Let l be (-5)/(-25) + (-38)/s. Suppose -3*v - 5 = -l*v. What is the units digit of v?
5
Suppose 2*i + 4 - 2 = 0. Let a(h) = 80*h - 1. Let q be a(i). What is the units digit of (2/(-6))/(3/q)?
9
Suppose 10*u + s = 5*u + 15, 3*u = 4*s + 9. Suppose -2*g + u*g = 0. Suppose -4*b + g = -4. What is the units digit of b?
1
Let k(n) = 1 + n**2 + 2*n - 2*n + n**2 - 5*n. What is the units digit of k(4)?
3
Let g be ((-63)/(-28))/(3/(-16)). Let t = -7 - g. What is the units digit of t?
5
What is the tens digit of (-44)/2*(70/(-4))/5?
7
Let k(v) = 2*v. Let m be k(3). Let z be -2 + 3/(9/m). Suppose z = -3*n + 3*g, 0 = 3*n - g - 2 - 6. What is the units digit of n?
4
Let c(n) = n**3 - 7*n**2 + 10. What is the tens digit of c(7)?
1
Suppose u + 3*u - 260 = 0. Suppose 4*t = -t + u. What is the units digit of t?
3
Let i be (-8)/(-52) + 152/26. What is the units digit of i/(-4)*-2 + -2?
1
Let l(h) = -h**3 + 9*h**2 - 8*h + 2. What is the units digit of l(5)?
2
Suppose k - 9 = -k - c, -5*c + 27 = k. What is the units digit of k?
2
Suppose 0 = -3*q - 18 + 6, -5*l - q = -176. What is the tens digit of l?
3
Suppose 0 = -2*w + w + 2. Suppose -w*z - z = -6. What is the units digit of z?
2
Let p = -10 - -10. Let r(l) = l**3 - l**2 - l + 7. What is the units digit of r(p)?
7
Suppose -2*n + 1 = p, 2*p + 14 = 3*n + p. Suppose -3*o + 93 = -n*m, 2*o = -3*o - 5*m + 155. What is the units digit of o?
1
Suppose 68 = -2*m + 6*m. Suppose 5*y = p + 15, p - 7 - 8 = -5*y. Suppose 0 = 3*o - 5*j - 26, j - m = -y*o - 3*j. What is the units digit of o?
7
Let s(p) = -p**3 - 3*p**2 - 2*p - 1. Let l be s(-2). Let m be (l/(-2))/(1/(-26)). Let z = m + 24. What is the units digit of z?
1
Suppose 0 = -d + 181 + 8. What is the hundreds digit of d?
1
Suppose 0*w = -4*w. Suppose w = 4*f - 2*f - 84. Suppose -v + 4*v = f. What is the units digit of v?
4
Let y(h) = h**3 + 8*h**2 + 6*h - 4. Suppose 5*j - 15 = -m, -m = 3*j - 9 + 2. What is the units digit of y(m)?
1
Suppose -11*h = -10*h + 42. What is the units digit of 12/2*h/(-12)?
1
Let d be (-1)/(2 - (4 - 1)). Suppose -4*z + d - 13 = 4*m, -5*m - 31 = -3*z. What is the units digit of (3 - (-14 + z)) + -1?
4
Suppose -2*a + 5*p = -22, 3*a + p = 1 - 2. Suppose v - 21 = -a. What is the tens digit of v?
2
Let o = 6 + -3. What is the tens digit of 18 + -3 + o - 0?
1
Let q(d) = 4*d. Suppose 0 = -3*y + 18 - 0. Let t be (-33)/(-9) - 4/y. What is the tens digit of q(t)?
1
Let n(q) = 5*q**2 - 6*q + 3. What is the units digit of n(-3)?
6
Suppose -3*r + 5*o - 7*o = -790, 518 = 2*r - 3*o. What is the tens digit of r?
6
Suppose g = -0*g. Let z(s) = 6*s**2 + 4*s - 4. Let v(i) = 5*i**2 + 3*i - 5. Let x(a) = -5*v(a) + 4*z(a). What is the units digit of x(g)?
9
Let t = 109 + -64. What is the units digit of t?
5
Let y = -66 - -107. Let l = -21 + y. What is the tens digit of l?
2
Let x(b) = 9*b. Let q be x(3). Let l = q - 15. Let p = l - 6. What is the units digit of p?
6
Let m(g) = g**2 - 3*g - 6. Let z be m(7). Let h = z - 36. Let u = h + 24. What is the units digit of u?
0
Suppose 8 = 2*x - 0, -3*z + 5*x + 328 = 0. What is the hundreds digit of z?
1
Let t(v) = 2*v**2 + v - 5. Let f be t(-5). Suppose -36 = -4*y + f. What is the units digit of y?
9
Let c = -6 - 13. Let h = c + 34. What is the units digit of h?
5
Suppose -5*m + 4*m + 27 = 0. Suppose 62 = -5*q - 4*o + 3*o, -3*o - 30 = 2*q. Let i = m + q. What is the tens digit of i?
1
Let d = -7 - -9. Let z(s) = 4*s + 2. What is the tens digit of z(d)?
1
Let h = 19 - 16. Suppose 4 = s, -5*m + m + h*s - 8 = 0. What is the units digit of m?
1
Let x be 20/4 + 6/(-2). Suppose -t = t - x, 16 = d + 3*t. What is the units digit of d?
3
Let a = -56 + 153. What is the units digit of a?
7
Let i(t) = 15*t**2 + 10*t - 1. What is the hundreds digit of i(-3)?
1
Let u(c) = c**3 - 7*c**2 - 2*c - 6. Let h be u(8). Suppose 3*t = 24 + h. What is the units digit of t?
2
Suppose 3*y = -1